hen 131 is divided by u(-13).
23
Let j(p) = p**2 + 21*p - 25. Calculate the remainder when 523 is divided by j(-25).
73
Let m(c) = -c + 12 - 11 + 7*c. What is the remainder when m(4) is divided by 14?
11
Let o = 134 + -131. Suppose -o*j = 16 - 49. Calculate the remainder when 41 is divided by j.
8
Suppose 0 = -g - 3*g + 52. Suppose -5*i + 234 = -11. Calculate the remainder when i is divided by g.
10
Suppose -3*u - 30 = -9*u. Let m(g) = g**3 - 3*g**2 - 7*g - 1. What is the remainder when m(u) is divided by (-2*1)/2 + 5?
2
Suppose 5*p + 10 = 0, 5*p - 89 = -f - 3. What is the remainder when f is divided by 4/(-18) - (-598)/18?
30
Let w(d) = 9*d - 17. Let z be w(9). Let g = z + 73. Calculate the remainder when g is divided by (-7)/21*(1 - 1*106).
32
Let z(h) = 2*h**2 + 3*h + 11. Calculate the remainder when z(6) is divided by 28.
17
Let v(g) = -g**3 + 10*g**2 - 19*g + 21. What is the remainder when v(5) is divided by 24?
3
Suppose h = 3*c + 5*h + 1056, -1760 = 5*c - 2*h. Let m = -164 - c. Calculate the remainder when m is divided by 48.
44
Suppose 4*p + 4*r = 108, 114 = 4*p + 3*r + 6. Let q = -13 - -6. Let j = q + p. Calculate the remainder when j is divided by 8.
4
Suppose 5*z - 7 = -27. Calculate the remainder when 3 is divided by 1 - (4 + z + -1).
1
Let x(m) = -14*m**2 + 5*m + 5. Let z be x(-1). Suppose -5*r - 15 = 0, -k + r + 3 = 5. Let u = k - z. Calculate the remainder when 35 is divided by u.
8
What is the remainder when 118 is divided by 4*(20/7)/(2/7)?
38
Let t = -25 + 30. Suppose -5*f = 3*g + 2, -g + f + 10 + 0 = 0. Let p = g - t. What is the remainder when 2 is divided by p?
0
Let y(r) = r**3 - 4*r**2 + r + 9. Let v be y(4). Let c(f) = 2*f**3 - 26*f**2 + 4*f + 3. Let m = 16 - 2. Calculate the remainder when c(v) is divided by m.
13
Suppose -3*q - u = -0*u - 512, -10 = -5*u. What is the remainder when q is divided by 25?
20
Suppose -48 - 4 = -4*d. Suppose -5*c + 680 = 170. Suppose 4*p - c = -0*p - 5*x, 3*p + 3*x = 75. Calculate the remainder when p is divided by d.
10
Let t(c) = 13*c**2 - 92*c - 19. What is the remainder when t(8) is divided by 40?
37
Suppose 0*r - 63 = -5*z - 3*r, 4*r + 91 = 5*z. Calculate the remainder when ((-10)/(-2))/(3 - 84/30) is divided by z.
10
Suppose -3*t = y + 4 + 23, 0 = 3*y + 9. Let i = t - -16. Suppose 5*b - i - 27 = 0. Calculate the remainder when 19 is divided by b.
5
Let y(x) = -8*x + 8. Let n be y(-6). Suppose -6*h + 10 = -n. What is the remainder when 31 is divided by h?
9
Let r(j) = -36*j**2 + 2*j + 3. Let k(i) = -71*i**2 + 3*i + 6. Let f(t) = 2*k(t) - 5*r(t). What is the remainder when f(-1) is divided by 14?
11
Let h(t) = t**3 + 5*t**2 - 6*t - 5. Let z be h(-5). Let k be ((-90)/z)/(9/(-570)). Let y = -151 + k. What is the remainder when y is divided by 26?
25
Suppose -2*t + 6 = 0, -3*u - t - 55 = -5*u. What is the remainder when 786/7 + (-6)/21 is divided by u?
25
Suppose 7*o - 5*o + 942 = 3*b, 3*o = -3*b + 957. Calculate the remainder when b is divided by 107.
102
Suppose -4*u - u - v + 3478 = 0, -700 = -u + 2*v. What is the remainder when u is divided by 25?
21
Suppose 0 = -3*f + 5*y + 220, -f - 147 = -3*f + 3*y. What is the remainder when 140 is divided by f?
65
Calculate the remainder when -14*(6698/(-1428) - 2/12) is divided by 36.
32
Let k(f) = f**3 + 7*f**2 - 20*f - 12. Suppose -32 = 6*h + 22. Calculate the remainder when 8 is divided by k(h).
2
What is the remainder when 172 is divided by (192/(-54) - (-12)/(-27))/(-2)?
0
Suppose -2*d - 40 = -4*x, 3*d = -0*d + 12. Suppose 0 = x*v - 5*v - 14. Let t = 2 + 0. What is the remainder when t is divided by v?
0
Suppose 0 = -d + 4*u + 53, 125 = 3*d - 24*u + 29*u. Calculate the remainder when 164 is divided by d.
29
Let x(b) = 26*b + 32. What is the remainder when x(2) is divided by 5?
4
Let w = -38 + 59. What is the remainder when (-624)/(-15) + (-12)/20 is divided by w?
20
Let b(l) = 2*l**2 - 8*l + 17. Let n(s) = 2*s. Let y be n(4). Suppose q + y = 3*q. What is the remainder when b(4) is divided by q?
1
Let p be ((-21)/14)/(3/(-8)). Suppose 0 = -p*b + 285 - 49. What is the remainder when 173 is divided by b?
55
Let t = 17 - 12. Suppose f + 5 = -t*m + 25, -4*m = 4*f. Suppose -3*n - 8*n = -33. Calculate the remainder when m is divided by n.
2
Let v(w) = 7*w**2 + 2*w - 3. Let t = -7 - -11. Let g = 7 - t. Calculate the remainder when v(g) is divided by 17.
15
Suppose 6*p + 35 + 37 = 0. Let j = p - -16. What is the remainder when 17 is divided by j?
1
Suppose 3*u = 11*u - 232. Suppose -y = -p + 11, 5*p - 80 = 4*y - 20. Calculate the remainder when u is divided by p.
13
Let l = 477 - 418. Calculate the remainder when 89 is divided by l.
30
Suppose -5*m - 2*k + 481 = -0*k, -5*m + 3*k + 466 = 0. Calculate the remainder when m - (-7 + 11)*(-2)/4 is divided by 28.
13
Suppose -5*s + 4 = 2*j, 5*j + 9 = -6. Suppose 0 = -12*u + 30 + 6. What is the remainder when 15 is divided by (14/u - s)*3?
7
Let m(y) = 2*y**2 + 2*y - 1. Let z be m(-2). Suppose z*k + 11 = -10. Let b = k + 21. Calculate the remainder when 55 is divided by b.
13
Suppose 0*n = 2*n + 84. Let w = n - -56. Calculate the remainder when 25 is divided by w.
11
Let c = 31 - 35. Let w(h) = h**2 + h - 10. Calculate the remainder when 11 is divided by w(c).
1
Let n(s) = 11*s - 91. Calculate the remainder when 613 is divided by n(12).
39
Calculate the remainder when 55 is divided by 144/9 + 5 - 2.
17
Suppose 4*l - 315 = -5*x, 5*x - 140 = -2*l + 25. Let j = l - 70. What is the remainder when (-1 + 2)*(18 - 1) is divided by j?
2
Let p(c) = -209*c + 5. Let t be p(2). Let j = -27 + 47. What is the remainder when t/(-28)*12/3 is divided by j?
19
Let o(c) = -c**3 - c**2 + 10. Calculate the remainder when (1218/210)/((-2)/(-10)) is divided by o(0).
9
Let i be (8/(-12))/((-1)/(-12)). Let n(x) = 41*x. Calculate the remainder when n(1) is divided by (-90)/i - (-4)/(-16).
8
Let b(p) = -2*p**3 + 16*p**2 - 14*p + 4. Let l be b(7). Suppose -3*y = 6, l*y = n - 94 - 16. Calculate the remainder when n is divided by 27.
21
Calculate the remainder when (-12)/(-10)*((-1640)/(-12) - 0) is divided by 56.
52
Let h = 1667 - 1046. What is the remainder when h is divided by 89?
87
Let g = 135 + -297. What is the remainder when 51 is divided by 60/(-105) - g/14?
7
Let y(g) = -4*g - 3. Suppose 7*r = 2*r - 15. Suppose 2*x = -a + 49, -x - 3*a = -0*x - 27. Calculate the remainder when x is divided by y(r).
6
Let v(k) = 3*k**2 + 4*k + 7. Let r be (-190)/70 + (-4)/14. Let q be v(r). Suppose -q = 3*n - 451. What is the remainder when n is divided by 36?
35
Calculate the remainder when 2/(((-10)/88)/(-5)) is divided by 19.
12
Suppose -y - 20 + 68 = 0. Calculate the remainder when 237 is divided by y.
45
Let g(b) = 25*b**3 - b**2 + 1. Let w = 15 - 11. Suppose w*x - 5*x + 1 = 0. Calculate the remainder when 47 is divided by g(x).
22
Let t = -13 - -20. Suppose t*f = f - 180. Let o = -18 - f. What is the remainder when 34 is divided by o?
10
Let o(m) = 44*m - 4. Let q be o(2). Let g = q + -31. Calculate the remainder when g is divided by 14.
11
Let n(y) = -y**2 + y. Let i = 0 + 3. Let r(o) = 4*o**2 - 8*o + 7. Let f(s) = i*n(s) + r(s). Calculate the remainder when f(7) is divided by 8.
5
Let z be 10/(-45) + 38/9. Let r be z + (-4 - -3) + 2. Suppose -r = 4*b - 93. What is the remainder when b is divided by 8?
6
Let s(h) = h**3 - 10*h**2 + 11*h - 1. Suppose -i - 6 - 2 = 0. Let t = i - -13. What is the remainder when s(9) is divided by t?
2
Suppose -14*k = -766 - 1880. Calculate the remainder when k is divided by 26.
7
Suppose -l - 5*l = -120. Calculate the remainder when l is divided by 7.
6
Let s(a) = -a**3 - 18*a**2 + 17*a - 7. Let x = 3 - 1. Suppose 2*f - x*j - 241 = -3*j, 0 = -4*f - j + 483. Calculate the remainder when f is divided by s(-19).
28
Let n = 9 - -11. Let v(z) = z + 115. Calculate the remainder when v(-18) is divided by n.
17
Suppose -68 = -s + 4*a, -258 = -2*s - 4*a - 74. What is the remainder when s is divided by 32?
20
Let h = -6 - -24. Let w = h + -22. Let z(c) = -17*c + 10. Calculate the remainder when z(w) is divided by 27.
24
Let w(c) = 2*c + 9. Suppose 2*h + 0*h = -24. Let b be w(h). Calculate the remainder when 36 is divided by -3 - (b - 2/2).
10
What is the remainder when 11*(2/4)/(2/12) is divided by 24?
9
Let k(d) b